actor of 168 and k.
56
Let a(y) = 57*y**2 - 20*y + 67. Let k be a(3). Calculate the greatest common divisor of k and 200.
40
Let q be 289/(-17) + 952 + 2/2. Calculate the highest common divisor of 520 and q.
104
Suppose 18*f + 64 = 4*v + 13*f, v + 2*f - 16 = 0. Calculate the greatest common divisor of v and 17.
1
Suppose 5*r - 9*r = 3*s - 7388, 5*r - 9258 = 2*s. Let j(l) = 2*l**2 + 34*l + 145. Let c be j(-5). What is the greatest common divisor of c and r?
25
Let s = -2061 + 2171. Calculate the highest common divisor of s and 30.
10
Suppose 595*x = 67969 + 33776. Let q = 74 - 36. What is the greatest common factor of q and x?
19
Let d = -24 - -29. Suppose d*s - 1477 - 4188 = 0. Suppose 0 = 10*o + s - 3383. What is the highest common factor of 25 and o?
25
Suppose -88*d - 1677 = -105*d - 249. What is the highest common divisor of 259 and d?
7
Let k be 11608/16 + 2/4. What is the highest common factor of 176 and k?
22
Suppose -8 + 0 = -3*l + k, -4*k + 24 = 2*l. Suppose r - l = -r. Let d = -62 + 64. What is the highest common divisor of r and d?
2
Suppose 0 = 55*m - 676 - 24404. Suppose 0 = 2*a, a = -2*c - 3*a + 48. What is the highest common factor of m and c?
24
Let v = -952 + 956. What is the highest common factor of 1348 and v?
4
Suppose 16*m - 66*m + 17115 = 55*m. What is the greatest common factor of m and 8?
1
Let y be (-10013)/(-114) + (-20)/24 + 1. Let c = 443 + -311. What is the greatest common factor of y and c?
44
Let m(g) be the third derivative of 23*g**6/15 + g**5/15 - 5*g**4/24 + g**3/6 + 40*g**2. Let o be m(1). What is the greatest common divisor of o and 23?
23
Let o(y) = y + 16. Let b be o(-12). Suppose w - 4*w + 122 = -4*c, -b*c = 4*w - 116. Suppose 20*l - 230 = 1130. What is the greatest common divisor of w and l?
34
Suppose 291 + 21 = 104*w. Suppose 95 = 5*l - 5*c, -2*l = -l + 5*c + 5. What is the greatest common factor of l and w?
3
Let g be ((-2661)/9)/((-8)/300) - 12/(-8). Calculate the highest common factor of g and 13.
13
Let z be 20/(-8)*732/(-15). Suppose 2*j - z = 320. Calculate the highest common divisor of 13 and j.
13
Let s be (-80)/(-80)*(-1 + 2). Let f be 76/(-18) - (-2)/9. Let x be (s + (0 - 2))*f. Calculate the greatest common factor of x and 10.
2
Let u(s) = -s**2 + 20*s - 8. Let j be ((-30)/45)/((-4)/54). Let a be u(j). Let k = 14 + -1. What is the highest common divisor of k and a?
13
Let o(c) = -8*c**2 + 39*c - 2. Let n be o(2). Calculate the highest common factor of n and 2552.
44
Let w = 908 + -897. Let x(u) = 2*u**3 - 22*u**2 + 17*u - 19. Let f be x(w). What is the highest common factor of 14 and f?
14
Suppose -144 + 39 = -7*n. Suppose -17*j = -n*j + 504. Let x = -144 - j. Calculate the highest common factor of 36 and x.
36
Let s(p) = p**3 + p - 1. Let u(t) = -3*t**3 + t**2 - 3*t - 74. Let g(o) = -4*s(o) - u(o). Let b be g(0). Calculate the highest common factor of b and 195.
39
Suppose 4*y + 43*o - 47*o - 2352 = 0, 4*y - 3*o - 2352 = 0. What is the highest common divisor of y and 300?
12
Suppose q = -2*q + 48. Let a = 93750 - 93094. Calculate the highest common divisor of a and q.
16
Suppose 5*q + 3*g - 11 = 0, 10*g = 5*q + 6*g + 3. Let c be (-10)/(-35)*q + (-346)/(-14). Calculate the highest common factor of c and 100.
25
Let a be 2928/168 + 9/(-21). What is the highest common divisor of 6817 and a?
17
Let v be ((-26)/5)/(10 - (-1198)/(-120)). Let w = v - -320. Suppose l = -3*r + 1, 2*r + 3*r + 3 = -4*l. What is the greatest common divisor of w and r?
1
Suppose 0 = x + 3*x + 48. Let n be (-3381)/27 + x/(-54). Let v = n + 201. What is the greatest common factor of v and 19?
19
Let b(t) = t**2 + 8*t. Let g be b(-9). Suppose -576 = -4*r + v, r + 5*v = g*v + 129. Let a = 851 - 793. Calculate the greatest common factor of a and r.
29
Let n(t) = -4*t - 20. Let i(o) = 14*o + 61. Let b(c) = -4*i(c) - 11*n(c). Let p be b(-8). Calculate the highest common factor of 6 and p.
6
Let o be 6 + (3*-72)/(-8). Suppose 86 + 46 = 6*b. What is the highest common divisor of b and o?
11
Suppose 0 = -0*n - 2*n - l, -4 = 4*n + 3*l. Let t(v) = v**n - v + 1 + 4*v - v. Let q be t(7). Calculate the greatest common factor of 96 and q.
32
Suppose -40 = -12*u + 164. Suppose -11*c - 192 = -u*c. Calculate the highest common divisor of c and 80.
16
Suppose -3*r - 231 = -1731. Let x(p) = -279*p + 6716. Let j be x(24). What is the greatest common factor of r and j?
20
Let n(b) = 419*b + 47. Let c be n(1). Calculate the greatest common factor of c and 1165.
233
Let g = -205 - -465. Suppose 148 = -12*l - g. Let t = -10 - l. What is the greatest common divisor of t and 24?
24
Suppose 0 = -5*q + 4*u + 102, 5*q + 25*u = 26*u + 93. What is the highest common divisor of q and 6414?
6
Let d(u) = -43*u - 2. Let y be d(-2). Suppose 478*s - 168 = 466*s. What is the greatest common divisor of y and s?
14
Let h = -21153 + 21921. What is the highest common factor of h and 6?
6
Suppose 401*v - 406*v + 21 = -44. Let u be -30 + 1 + 6 + -3. Let h be (-28)/(-8)*(0 - u). What is the highest common divisor of v and h?
13
Let y(j) = 41*j - 47. Let t be y(2). Let m = 48 - 34. What is the highest common divisor of t and m?
7
Let s(k) = -k**3 - 31*k**2 - 59*k - 10. Suppose 348 = -5*m - 7*m. Let t be s(m). What is the highest common divisor of t and 209?
19
Let z = 8143 + -7562. Calculate the highest common divisor of 35 and z.
7
Suppose -x = -4*f + 30, -4*x - 105 = -0*x - f. Let s = 33 + x. Let z be (48/s)/((5/(-35))/(-1)). Calculate the greatest common divisor of z and 6.
6
Let m = 1004 - 1022. Let a be -1 - (11 + m + -43). Suppose 4*r - s = 61, -2*s = -3 + 13. What is the greatest common factor of r and a?
7
Let l(f) be the first derivative of 2*f**3/3 + 11*f**2 - 82*f - 99. Let o be l(5). What is the greatest common divisor of o and 39?
39
Let n = -146 + 147. Let o(z) = z**2 - 6*z - 17. Let v be o(10). Calculate the highest common factor of n and v.
1
Let p = -773 + 843. Suppose 3*g = g - 10. Let d(y) = -5*y + 3. Let z be d(g). What is the highest common divisor of z and p?
14
Suppose 0 = -3*j - 2*o + 4, -3*j + o = -1 + 3. Suppose j = -7*c + 4*c + 18. Let b be (-2)/c - (-635)/15. Calculate the highest common divisor of b and 28.
14
Let l(y) = y**2 + 156*y + 5317. Let t be l(-50). What is the highest common factor of t and 18853?
17
Suppose 4*p + 0*d = 3*d + 91, 3*d + 3 = 0. Let z be 4/(4/5) + p + -3. Calculate the greatest common factor of 6 and z.
6
Let c be -2 + (26/1 - -1). Let t = 54 - 49. Suppose -t*k + 3*b = -881, -5*b = 2*k + 3*k - 865. What is the greatest common divisor of k and c?
25
Suppose -36004 - 7239 = -67*l + 2652. Calculate the greatest common divisor of 15 and l.
5
Suppose -165 = -8*h + 699. Suppose -37*q = -34*q - h. Calculate the greatest common factor of q and 120.
12
Let a = -8512 - -8645. What is the highest common divisor of a and 608?
19
Let f = 3568 + -3489. Calculate the greatest common divisor of 3 and f.
1
Let s(j) = 11*j - 25. Let k be s(8). Suppose -12*h + 303 - k = 0. Calculate the greatest common factor of 50 and h.
10
Suppose -2485 = -4*z - 129. What is the greatest common divisor of 38 and z?
19
Suppose 347 = -11*m + 3526. Let q = -105 + m. Suppose -18 = -4*v + 74. Calculate the greatest common divisor of v and q.
23
Suppose -6*o + 624 = -2*o. Let k(j) = -6*j - 1. Let q be k(-1). Suppose -120*f = -119*f - u - 10, u - 62 = -q*f. What is the greatest common factor of o and f?
12
Let l(d) = -d**3 - 17*d**2 + 219*d - 346. Let u be l(-26). What is the greatest common factor of 9097 and u?
11
Let x be (-8)/(-24)*-18 + 209. What is the greatest common factor of x and 245?
7
Let f = -7 - -7. Let w be 52/(f - -2) + (-8)/2. Let o(k) = k**3 - 2*k**2 + 10*k - 6. Let b be o(4). Calculate the highest common divisor of b and w.
22
Let g be ((-2)/(-4) + 402/24)*4. Suppose -f = g - 91. Let k be (f - (-1 - -1)) + 2 + 1. Calculate the greatest common factor of k and 1.
1
Let l be 169 - ((-2)/(-21) + 498/63). What is the greatest common factor of 575 and l?
23
Let q = 74 - 12. Let x = q + -19. Let d = x - 38. What is the greatest common divisor of 60 and d?
5
Let j(m) = -555*m + 1200. Let q be j(-5). What is the highest common factor of 212 and q?
53
Suppose -5*r + 745 = 3*x, -5*x - 732 + 1987 = 5*r. Let f = x + -227. Calculate the highest